{"id":246,"date":"2025-09-13T01:09:33","date_gmt":"2025-09-13T01:09:33","guid":{"rendered":"https:\/\/sitio1.unbcorp.cl\/Fest\/?page_id=246"},"modified":"2025-11-12T13:32:22","modified_gmt":"2025-11-12T13:32:22","slug":"entradas","status":"publish","type":"page","link":"https:\/\/mardelplatafilmfest.com\/40\/es\/entradas\/","title":{"rendered":"Entradas"},"content":{"rendered":"\n<figure class=\"wp-block-image size-large is-resized\"><img loading=\"lazy\" decoding=\"async\" width=\"1024\" height=\"417\" src=\"https:\/\/mardelplatafilmfest.com\/40\/wp-content\/uploads\/2025\/10\/entradas-a-la-venta-04-1-1-1024x417.jpg\" alt=\"\" class=\"wp-image-1532\" style=\"width:1235px;height:auto\" srcset=\"https:\/\/mardelplatafilmfest.com\/40\/wp-content\/uploads\/2025\/10\/entradas-a-la-venta-04-1-1-1024x417.jpg 1024w, https:\/\/mardelplatafilmfest.com\/40\/wp-content\/uploads\/2025\/10\/entradas-a-la-venta-04-1-1-300x122.jpg 300w, https:\/\/mardelplatafilmfest.com\/40\/wp-content\/uploads\/2025\/10\/entradas-a-la-venta-04-1-1-768x313.jpg 768w, https:\/\/mardelplatafilmfest.com\/40\/wp-content\/uploads\/2025\/10\/entradas-a-la-venta-04-1-1-1536x626.jpg 1536w, https:\/\/mardelplatafilmfest.com\/40\/wp-content\/uploads\/2025\/10\/entradas-a-la-venta-04-1-1-2048x834.jpg 2048w\" sizes=\"auto, (max-width: 1024px) 100vw, 1024px\" \/><\/figure>\n\n\n\n<p><br><br>El Festival Internacional de Cine de Mar del Plata anuncia que las entradas ya se encuentran disponibles a la venta. Las mismas se pueden adquirir tanto de manera online (ingresando a la ficha de cada pel\u00edcula de la <strong><a href=\"https:\/\/mardelplatafilmfest.com\/40\/es\/programas\/\">Programaci\u00f3n<\/a><\/strong>) como en las boleter\u00edas f\u00edsicas de cada sala.<br><\/p>\n\n\n\n<div class=\"wp-block-buttons is-layout-flex wp-block-buttons-is-layout-flex\">\n<div class=\"wp-block-button\"><a class=\"wp-block-button__link wp-element-button\" href=\"https:\/\/mardelplatafilmfest.com\/40\/es\/programas\/\">CLICK AQU\u00cd PARA ADQUIRIR TUS ENTRADAS<\/a><\/div>\n<\/div>\n\n\n\n<p><br>La entrada general en el <strong>Teatro Auditorium<\/strong> tiene un costo de $7.500, y se puede comprar a trav\u00e9s de venta online y en la boleter\u00eda del Teatro Auditorium.<br><strong><em>ENTRADAS A PRECIO PREFERENCIAL <\/em><\/strong>para jubilados y estudiantes:<strong><em> <\/em><\/strong><em>$4.000 <\/em>(s\u00f3lo en boleter\u00eda f\u00edsica del Teatro Auditorium)&nbsp;<\/p>\n\n\n\n<p>La entrada general en el <strong>Teatro Municipal Col\u00f3n<\/strong> tiene un costo de $7.500 (<strong><em>ENTRADA A PRECIO PREFERENCIAL<\/em><\/strong> para jubilados y estudiantes: $4.000), y se puede comprar anticipada y durante el Festival a trav\u00e9s de venta online. En la boleter\u00eda f\u00edsica del Teatro se compran s\u00f3lo para las funciones del d\u00eda y en efectivo, a partir de las 9:00 am.<\/p>\n\n\n\n<p>La entrada general en las salas del <strong>Paseo Aldrey<\/strong>* tiene un costo de $7.500, y se puede comprar a trav\u00e9s de venta online y en la boleter\u00eda de los cines del Paseo Aldrey.\u00a0<br><strong><em>50% OFF EN ENTRADAS<\/em><\/strong> para jubilados y estudiantes (s\u00f3lo en boleter\u00eda f\u00edsica del Paseo Aldrey)<\/p>\n\n\n\n<p>La entrada general en las salas 1 y 2 del <strong>Cine Ambassador<\/strong>* tiene un precio de $7.500, y se puede comprar a trav\u00e9s de venta online y en la boleter\u00eda del Cine Ambassador.\u00a0\u00a0<br><strong><em>50% OFF EN ENTRADAS<\/em><\/strong> para jubilados y estudiantes (s\u00f3lo en boleter\u00eda f\u00edsica del Cine Ambassador)<br><br>*<em>Si no ten\u00e9s residencia en Argentina, envia un correo a <strong>info@miboleteria.com.ar<\/strong> para poder operar en la plataforma Miboleter\u00eda<\/em><\/p>\n\n\n\n<p>Las funciones en <strong>Villa Ocampo<\/strong> (Pantalla al aire libre &#8211; Matheu 1851) son con entrada libre y gratuita.<br><\/p>\n\n\n\n<p>Los cines que forman parte de esta edici\u00f3n son Teatro Auditorium \u2013 Sala Astor Piazzolla (Blvd. Mar\u00edtimo Peralta Ramos 2280), Paseo Aldrey (Sarmiento 2685), Teatro Col\u00f3n (Hip\u00f3lito Yrigoyen 1665) y Cine Ambassador (C\u00f3rdoba 1673).<\/p>\n\n\n\n<p><\/p>\n","protected":false},"excerpt":{"rendered":"<p>El Festival Internacional de Cine de Mar del Plata anuncia que las entradas ya se encuentran disponibles a la venta. Las mismas se pueden adquirir tanto de manera online (ingresando a la ficha de cada pel\u00edcula de la Programaci\u00f3n) como en las boleter\u00edas f\u00edsicas de cada sala. La entrada general en el Teatro Auditorium tiene [&hellip;]<\/p>\n","protected":false},"author":1,"featured_media":0,"parent":0,"menu_order":0,"comment_status":"closed","ping_status":"closed","template":"","meta":{"_acf_changed":false,"footnotes":""},"class_list":["post-246","page","type-page","status-publish","hentry"],"blocksy_meta":[],"acf":[],"yoast_head":"<!-- This site is optimized with the Yoast SEO plugin v26.1.1 - https:\/\/yoast.com\/wordpress\/plugins\/seo\/ -->\n<title>Entradas | 40\u00b0 Festival Internacional de cine de Mar del plata<\/title>\n<meta name=\"description\" content=\"Descubr\u00ed la programaci\u00f3n, invitados, pel\u00edculas y actividades del 40\u00b0 Festival Internacional de Cine de Mar del Plata.\" \/>\n<meta name=\"robots\" content=\"noindex, follow, max-snippet:-1, max-image-preview:large, max-video-preview:-1\" \/>\n<meta property=\"og:locale\" content=\"es_ES\" \/>\n<meta property=\"og:type\" content=\"article\" \/>\n<meta property=\"og:title\" content=\"Entradas | 40\u00b0 Festival Internacional de cine de Mar del plata\" \/>\n<meta property=\"og:description\" content=\"Descubr\u00ed la programaci\u00f3n, invitados, pel\u00edculas y actividades del 40\u00b0 Festival Internacional de Cine de Mar del Plata.\" \/>\n<meta property=\"og:url\" content=\"https:\/\/mardelplatafilmfest.com\/40\/es\/entradas\/\" \/>\n<meta property=\"og:site_name\" content=\"40\u00b0 Festival Internacional de cine de Mar del plata\" \/>\n<meta property=\"article:modified_time\" content=\"2025-11-12T13:32:22+00:00\" \/>\n<meta property=\"og:image\" content=\"https:\/\/mardelplatafilmfest.com\/40\/wp-content\/uploads\/2025\/10\/entradas-a-la-venta-04-1-1.jpg\" \/>\n\t<meta property=\"og:image:width\" content=\"2133\" \/>\n\t<meta property=\"og:image:height\" content=\"869\" \/>\n\t<meta property=\"og:image:type\" content=\"image\/jpeg\" \/>\n<meta name=\"twitter:card\" content=\"summary_large_image\" \/>\n<meta name=\"twitter:label1\" content=\"Tiempo estimado de lectura\" \/>\n\t<meta name=\"twitter:data1\" content=\"2 minutos\" \/>\n<script type=\"application\/ld+json\" class=\"yoast-schema-graph\">{\"@context\":\"https:\/\/schema.org\",\"@graph\":[{\"@type\":\"WebPage\",\"@id\":\"https:\/\/mardelplatafilmfest.com\/40\/es\/entradas\/\",\"url\":\"https:\/\/mardelplatafilmfest.com\/40\/es\/entradas\/\",\"name\":\"Entradas | 40\u00b0 Festival Internacional de cine de Mar del plata\",\"isPartOf\":{\"@id\":\"https:\/\/mardelplatafilmfest.com\/40\/#website\"},\"primaryImageOfPage\":{\"@id\":\"https:\/\/mardelplatafilmfest.com\/40\/es\/entradas\/#primaryimage\"},\"image\":{\"@id\":\"https:\/\/mardelplatafilmfest.com\/40\/es\/entradas\/#primaryimage\"},\"thumbnailUrl\":\"https:\/\/mardelplatafilmfest.com\/40\/wp-content\/uploads\/2025\/10\/entradas-a-la-venta-04-1-1-1024x417.jpg\",\"datePublished\":\"2025-09-13T01:09:33+00:00\",\"dateModified\":\"2025-11-12T13:32:22+00:00\",\"description\":\"Descubr\u00ed la programaci\u00f3n, invitados, pel\u00edculas y actividades del 40\u00b0 Festival Internacional de Cine de Mar del Plata.\",\"breadcrumb\":{\"@id\":\"https:\/\/mardelplatafilmfest.com\/40\/es\/entradas\/#breadcrumb\"},\"inLanguage\":\"es-CL\",\"potentialAction\":[{\"@type\":\"ReadAction\",\"target\":[\"https:\/\/mardelplatafilmfest.com\/40\/es\/entradas\/\"]}]},{\"@type\":\"ImageObject\",\"inLanguage\":\"es-CL\",\"@id\":\"https:\/\/mardelplatafilmfest.com\/40\/es\/entradas\/#primaryimage\",\"url\":\"https:\/\/mardelplatafilmfest.com\/40\/wp-content\/uploads\/2025\/10\/entradas-a-la-venta-04-1-1.jpg\",\"contentUrl\":\"https:\/\/mardelplatafilmfest.com\/40\/wp-content\/uploads\/2025\/10\/entradas-a-la-venta-04-1-1.jpg\",\"width\":2133,\"height\":869},{\"@type\":\"BreadcrumbList\",\"@id\":\"https:\/\/mardelplatafilmfest.com\/40\/es\/entradas\/#breadcrumb\",\"itemListElement\":[{\"@type\":\"ListItem\",\"position\":1,\"name\":\"Portada\",\"item\":\"https:\/\/mardelplatafilmfest.com\/40\/es\/\"},{\"@type\":\"ListItem\",\"position\":2,\"name\":\"Entradas\"}]},{\"@type\":\"WebSite\",\"@id\":\"https:\/\/mardelplatafilmfest.com\/40\/#website\",\"url\":\"https:\/\/mardelplatafilmfest.com\/40\/\",\"name\":\"40\u00b0 Festival Internacional de Cine de Mar del Plata | Sitio Oficial\",\"description\":\"Descubr\u00ed la programaci\u00f3n, invitados, pel\u00edculas y actividades del 40\u00b0 Festival Internacional de Cine de Mar del Plata.\",\"publisher\":{\"@id\":\"https:\/\/mardelplatafilmfest.com\/40\/#organization\"},\"potentialAction\":[{\"@type\":\"SearchAction\",\"target\":{\"@type\":\"EntryPoint\",\"urlTemplate\":\"https:\/\/mardelplatafilmfest.com\/40\/?s={search_term_string}\"},\"query-input\":{\"@type\":\"PropertyValueSpecification\",\"valueRequired\":true,\"valueName\":\"search_term_string\"}}],\"inLanguage\":\"es-CL\"},{\"@type\":\"Organization\",\"@id\":\"https:\/\/mardelplatafilmfest.com\/40\/#organization\",\"name\":\"40\u00b0 Festival Internacional de cine de Mar del plata\",\"url\":\"https:\/\/mardelplatafilmfest.com\/40\/\",\"logo\":{\"@type\":\"ImageObject\",\"inLanguage\":\"es-CL\",\"@id\":\"https:\/\/mardelplatafilmfest.com\/40\/#\/schema\/logo\/image\/\",\"url\":\"https:\/\/mardelplatafilmfest.com\/40\/wp-content\/uploads\/2025\/09\/WEB_mdq_logo_principal_marfil.png\",\"contentUrl\":\"https:\/\/mardelplatafilmfest.com\/40\/wp-content\/uploads\/2025\/09\/WEB_mdq_logo_principal_marfil.png\",\"width\":2067,\"height\":591,\"caption\":\"40\u00b0 Festival Internacional de cine de Mar del plata\"},\"image\":{\"@id\":\"https:\/\/mardelplatafilmfest.com\/40\/#\/schema\/logo\/image\/\"}}]}<\/script>\n<!-- \/ Yoast SEO plugin. -->","yoast_head_json":{"title":"Entradas | 40\u00b0 Festival Internacional de cine de Mar del plata","description":"Descubr\u00ed la programaci\u00f3n, invitados, pel\u00edculas y actividades del 40\u00b0 Festival Internacional de Cine de Mar del Plata.","robots":{"index":"noindex","follow":"follow","max-snippet":"max-snippet:-1","max-image-preview":"max-image-preview:large","max-video-preview":"max-video-preview:-1"},"og_locale":"es_ES","og_type":"article","og_title":"Entradas | 40\u00b0 Festival Internacional de cine de Mar del plata","og_description":"Descubr\u00ed la programaci\u00f3n, invitados, pel\u00edculas y actividades del 40\u00b0 Festival Internacional de Cine de Mar del Plata.","og_url":"https:\/\/mardelplatafilmfest.com\/40\/es\/entradas\/","og_site_name":"40\u00b0 Festival Internacional de cine de Mar del plata","article_modified_time":"2025-11-12T13:32:22+00:00","og_image":[{"width":2133,"height":869,"url":"https:\/\/mardelplatafilmfest.com\/40\/wp-content\/uploads\/2025\/10\/entradas-a-la-venta-04-1-1.jpg","type":"image\/jpeg"}],"twitter_card":"summary_large_image","twitter_misc":{"Tiempo estimado de lectura":"2 minutos"},"schema":{"@context":"https:\/\/schema.org","@graph":[{"@type":"WebPage","@id":"https:\/\/mardelplatafilmfest.com\/40\/es\/entradas\/","url":"https:\/\/mardelplatafilmfest.com\/40\/es\/entradas\/","name":"Entradas | 40\u00b0 Festival Internacional de cine de Mar del plata","isPartOf":{"@id":"https:\/\/mardelplatafilmfest.com\/40\/#website"},"primaryImageOfPage":{"@id":"https:\/\/mardelplatafilmfest.com\/40\/es\/entradas\/#primaryimage"},"image":{"@id":"https:\/\/mardelplatafilmfest.com\/40\/es\/entradas\/#primaryimage"},"thumbnailUrl":"https:\/\/mardelplatafilmfest.com\/40\/wp-content\/uploads\/2025\/10\/entradas-a-la-venta-04-1-1-1024x417.jpg","datePublished":"2025-09-13T01:09:33+00:00","dateModified":"2025-11-12T13:32:22+00:00","description":"Descubr\u00ed la programaci\u00f3n, invitados, pel\u00edculas y actividades del 40\u00b0 Festival Internacional de Cine de Mar del Plata.","breadcrumb":{"@id":"https:\/\/mardelplatafilmfest.com\/40\/es\/entradas\/#breadcrumb"},"inLanguage":"es-CL","potentialAction":[{"@type":"ReadAction","target":["https:\/\/mardelplatafilmfest.com\/40\/es\/entradas\/"]}]},{"@type":"ImageObject","inLanguage":"es-CL","@id":"https:\/\/mardelplatafilmfest.com\/40\/es\/entradas\/#primaryimage","url":"https:\/\/mardelplatafilmfest.com\/40\/wp-content\/uploads\/2025\/10\/entradas-a-la-venta-04-1-1.jpg","contentUrl":"https:\/\/mardelplatafilmfest.com\/40\/wp-content\/uploads\/2025\/10\/entradas-a-la-venta-04-1-1.jpg","width":2133,"height":869},{"@type":"BreadcrumbList","@id":"https:\/\/mardelplatafilmfest.com\/40\/es\/entradas\/#breadcrumb","itemListElement":[{"@type":"ListItem","position":1,"name":"Portada","item":"https:\/\/mardelplatafilmfest.com\/40\/es\/"},{"@type":"ListItem","position":2,"name":"Entradas"}]},{"@type":"WebSite","@id":"https:\/\/mardelplatafilmfest.com\/40\/#website","url":"https:\/\/mardelplatafilmfest.com\/40\/","name":"40\u00b0 Festival Internacional de Cine de Mar del Plata | Sitio Oficial","description":"Descubr\u00ed la programaci\u00f3n, invitados, pel\u00edculas y actividades del 40\u00b0 Festival Internacional de Cine de Mar del Plata.","publisher":{"@id":"https:\/\/mardelplatafilmfest.com\/40\/#organization"},"potentialAction":[{"@type":"SearchAction","target":{"@type":"EntryPoint","urlTemplate":"https:\/\/mardelplatafilmfest.com\/40\/?s={search_term_string}"},"query-input":{"@type":"PropertyValueSpecification","valueRequired":true,"valueName":"search_term_string"}}],"inLanguage":"es-CL"},{"@type":"Organization","@id":"https:\/\/mardelplatafilmfest.com\/40\/#organization","name":"40\u00b0 Festival Internacional de cine de Mar del plata","url":"https:\/\/mardelplatafilmfest.com\/40\/","logo":{"@type":"ImageObject","inLanguage":"es-CL","@id":"https:\/\/mardelplatafilmfest.com\/40\/#\/schema\/logo\/image\/","url":"https:\/\/mardelplatafilmfest.com\/40\/wp-content\/uploads\/2025\/09\/WEB_mdq_logo_principal_marfil.png","contentUrl":"https:\/\/mardelplatafilmfest.com\/40\/wp-content\/uploads\/2025\/09\/WEB_mdq_logo_principal_marfil.png","width":2067,"height":591,"caption":"40\u00b0 Festival Internacional de cine de Mar del plata"},"image":{"@id":"https:\/\/mardelplatafilmfest.com\/40\/#\/schema\/logo\/image\/"}}]}},"_links":{"self":[{"href":"https:\/\/mardelplatafilmfest.com\/40\/wp-json\/wp\/v2\/pages\/246","targetHints":{"allow":["GET"]}}],"collection":[{"href":"https:\/\/mardelplatafilmfest.com\/40\/wp-json\/wp\/v2\/pages"}],"about":[{"href":"https:\/\/mardelplatafilmfest.com\/40\/wp-json\/wp\/v2\/types\/page"}],"author":[{"embeddable":true,"href":"https:\/\/mardelplatafilmfest.com\/40\/wp-json\/wp\/v2\/users\/1"}],"replies":[{"embeddable":true,"href":"https:\/\/mardelplatafilmfest.com\/40\/wp-json\/wp\/v2\/comments?post=246"}],"version-history":[{"count":13,"href":"https:\/\/mardelplatafilmfest.com\/40\/wp-json\/wp\/v2\/pages\/246\/revisions"}],"predecessor-version":[{"id":2232,"href":"https:\/\/mardelplatafilmfest.com\/40\/wp-json\/wp\/v2\/pages\/246\/revisions\/2232"}],"wp:attachment":[{"href":"https:\/\/mardelplatafilmfest.com\/40\/wp-json\/wp\/v2\/media?parent=246"}],"curies":[{"name":"wp","href":"https:\/\/api.w.org\/{rel}","templated":true}]}}