{"id":250,"date":"2025-09-13T01:24:03","date_gmt":"2025-09-13T01:24:03","guid":{"rendered":"https:\/\/sitio1.unbcorp.cl\/Fest\/?page_id=250"},"modified":"2025-11-18T02:38:24","modified_gmt":"2025-11-18T02:38:24","slug":"premios-oficiales","status":"publish","type":"page","link":"https:\/\/mardelplatafilmfest.com\/40\/es\/premios-oficiales\/","title":{"rendered":"Premios Oficiales"},"content":{"rendered":"\n<h2 class=\"wp-block-heading\">Premios y Jurados<br><\/h2>\n\n\n<div class=\"internal-text-margins\">\n<h3 class=\"presskit-subheading\">PREMIOS OFICIALES<\/h3>\n<div class=\"premios-box\">\n<h5 class=\"premios-subheading\">Competencia INTERNACIONAL<\/h5>\n<p class=\"premios-text\">Premio ASTOR PIAZZOLLA al Mejor Largometraje<br \/>Premio ASTOR PIAZZOLLA al Mejor Cortometraje<br \/>Premio ASTOR PIAZZOLLA &#8211; Premio Especial del Jurado<br \/>Premio ASTOR PIAZZOLLA a la Mejor Direcci\u00f3n\u00a0<br \/>Premio ASTOR PIAZZOLLA a la Mejor Interpretaci\u00f3n Masculina<br \/>Premio ASTOR PIAZZOLLA a la Mejor Interpretaci\u00f3n Femenina<br \/>Premio ASTOR PIAZZOLLA al Mejor Guion<br \/>Premio ASTOR PIAZZOLLA &#8211; Premio del P\u00fablico<\/p>\n<\/div>\n<div class=\"premios-box\">\n<h5 class=\"premios-subheading\">Competencia LATINOAMERICANA<\/h5>\n<p class=\"premios-text\">Premio ASTOR PIAZZOLLA al Mejor Largometraje<br \/>Premio ASTOR PIAZZOLLA al Mejor Cortometraje<\/p>\n<\/div>\n<div class=\"premios-box\">\n<h5 class=\"premios-subheading\">Competencia ARGENTINA<\/h5>\n<p class=\"premios-text\">Premio ASTOR PIAZZOLLA al Mejor Largometraje<br \/>Premio ASTOR PIAZZOLLA al Mejor Cortometraje<br \/>Premio JOS\u00c9 MART\u00cdNEZ SU\u00c1REZ a la mejor Direcci\u00f3n<\/p>\n<\/div>\n<div class=\"premios-box\">\n<h5 class=\"premios-subheading\">Competencia EN TR\u00c1NSITO<\/h5>\n<p class=\"premios-text\">Premio ASTOR PIAZZOLLA al Mejor Proyecto En Tr\u00e1nsito<\/p>\n<\/div>\n<div class=\"spaceer\">\u00a0<\/div>\n<h3 class=\"presskit-subheading\">PREMIOS OTORGADOS POR PATROCINADORES<\/h3>\n<div class=\"premios-box\">\n<h5 class=\"premios-subheading\">COMPETENCIA INTERNACIONAL DE CORTOMETRAJES<\/h5>\n<p class=\"premios-text\">Premio BANCO GALICIA al Mejor Cortometraje Internacional<\/p>\n<\/div>\n<div class=\"premios-box\">\n<h5 class=\"premios-subheading\">COMPETENCIA LATINOAMERICANA DE LARGOMETRAJES<\/h5>\n<p class=\"premios-text\">Premio BANCO GALICIA al Mejor Largometraje Latinoamericano<br \/>Premio ALTA DEFINICI\u00d3N al Mejor Largometraje Latinoamericano<\/p>\n<\/div>\n<div class=\"premios-box\">\n<h5 class=\"premios-subheading\">COMPETENCIA ARGENTINA DE LARGOMETRAJES<\/h5>\n<p class=\"premios-text\">Premio BANCO GALICIA al Mejor Largometraje Argentino<\/p>\n<\/div>\n<div class=\"premios-box\">\n<h5 class=\"premios-subheading\">COMPETENCIA ARGENTINA DE CORTOMETRAJES<\/h5>\n<p class=\"premios-text\">Premio BANCO GALICIA al Mejor Cortometraje Argentino<\/p>\n<\/div>\n<div class=\"premios-box\">\n<h5 class=\"premios-subheading\">COMPETENCIA EN TR\u00c1NSITO\/WORK IN PROGRESS<\/h5>\n<p class=\"premios-text\">Premio BANCO GALICIA al Mejor Proyecto<br \/>Premio CINECOLOR al Mejor Proyecto<br \/>Premio EL CONO DEL SILENCIO al Mejor Proyecto<\/p>\n<\/div>\n<\/div>","protected":false},"excerpt":{"rendered":"<p>Premios y Jurados PREMIOS OFICIALES Competencia INTERNACIONAL Premio ASTOR PIAZZOLLA al Mejor LargometrajePremio ASTOR PIAZZOLLA al Mejor CortometrajePremio ASTOR PIAZZOLLA &#8211; Premio Especial del JuradoPremio ASTOR PIAZZOLLA a la Mejor Direcci\u00f3n\u00a0Premio ASTOR PIAZZOLLA a la Mejor Interpretaci\u00f3n MasculinaPremio ASTOR PIAZZOLLA a la Mejor Interpretaci\u00f3n FemeninaPremio ASTOR PIAZZOLLA al Mejor GuionPremio ASTOR PIAZZOLLA &#8211; Premio del [&hellip;]<\/p>\n","protected":false},"author":1,"featured_media":0,"parent":0,"menu_order":0,"comment_status":"closed","ping_status":"closed","template":"","meta":{"_acf_changed":false,"footnotes":""},"class_list":["post-250","page","type-page","status-publish","hentry"],"blocksy_meta":[],"acf":[],"yoast_head":"<!-- This site is optimized with the Yoast SEO plugin v26.1.1 - https:\/\/yoast.com\/wordpress\/plugins\/seo\/ -->\n<title>Premios Oficiales | 40\u00b0 Festival Internacional de cine de Mar del plata<\/title>\n<meta name=\"description\" content=\"Descubr\u00ed la programaci\u00f3n, invitados, pel\u00edculas y actividades del 40\u00b0 Festival Internacional de Cine de Mar del Plata.\" \/>\n<meta name=\"robots\" content=\"noindex, follow, max-snippet:-1, max-image-preview:large, max-video-preview:-1\" \/>\n<meta property=\"og:locale\" content=\"es_ES\" \/>\n<meta property=\"og:type\" content=\"article\" \/>\n<meta property=\"og:title\" content=\"Premios Oficiales | 40\u00b0 Festival Internacional de cine de Mar del plata\" \/>\n<meta property=\"og:description\" content=\"Descubr\u00ed la programaci\u00f3n, invitados, pel\u00edculas y actividades del 40\u00b0 Festival Internacional de Cine de Mar del Plata.\" \/>\n<meta property=\"og:url\" content=\"https:\/\/mardelplatafilmfest.com\/40\/es\/premios-oficiales\/\" \/>\n<meta property=\"og:site_name\" content=\"40\u00b0 Festival Internacional de cine de Mar del plata\" \/>\n<meta property=\"article:modified_time\" content=\"2025-11-18T02:38:24+00:00\" \/>\n<meta property=\"og:image\" content=\"https:\/\/mardelplatafilmfest.com\/40\/wp-content\/uploads\/2025\/09\/WEB_Banner_principal-03-1.jpg\" \/>\n\t<meta property=\"og:image:width\" content=\"1920\" \/>\n\t<meta property=\"og:image:height\" content=\"782\" \/>\n\t<meta property=\"og:image:type\" content=\"image\/jpeg\" \/>\n<meta name=\"twitter:card\" content=\"summary_large_image\" \/>\n<meta name=\"twitter:label1\" content=\"Tiempo estimado de lectura\" \/>\n\t<meta name=\"twitter:data1\" content=\"1 minuto\" \/>\n<script type=\"application\/ld+json\" class=\"yoast-schema-graph\">{\"@context\":\"https:\/\/schema.org\",\"@graph\":[{\"@type\":\"WebPage\",\"@id\":\"https:\/\/mardelplatafilmfest.com\/40\/es\/premios-oficiales\/\",\"url\":\"https:\/\/mardelplatafilmfest.com\/40\/es\/premios-oficiales\/\",\"name\":\"Premios Oficiales | 40\u00b0 Festival Internacional de cine de Mar del plata\",\"isPartOf\":{\"@id\":\"https:\/\/mardelplatafilmfest.com\/40\/#website\"},\"datePublished\":\"2025-09-13T01:24:03+00:00\",\"dateModified\":\"2025-11-18T02:38:24+00:00\",\"description\":\"Descubr\u00ed la programaci\u00f3n, invitados, pel\u00edculas y actividades del 40\u00b0 Festival Internacional de Cine de Mar del Plata.\",\"breadcrumb\":{\"@id\":\"https:\/\/mardelplatafilmfest.com\/40\/es\/premios-oficiales\/#breadcrumb\"},\"inLanguage\":\"es-CL\",\"potentialAction\":[{\"@type\":\"ReadAction\",\"target\":[\"https:\/\/mardelplatafilmfest.com\/40\/es\/premios-oficiales\/\"]}]},{\"@type\":\"BreadcrumbList\",\"@id\":\"https:\/\/mardelplatafilmfest.com\/40\/es\/premios-oficiales\/#breadcrumb\",\"itemListElement\":[{\"@type\":\"ListItem\",\"position\":1,\"name\":\"Portada\",\"item\":\"https:\/\/mardelplatafilmfest.com\/40\/es\/\"},{\"@type\":\"ListItem\",\"position\":2,\"name\":\"Premios Oficiales\"}]},{\"@type\":\"WebSite\",\"@id\":\"https:\/\/mardelplatafilmfest.com\/40\/#website\",\"url\":\"https:\/\/mardelplatafilmfest.com\/40\/\",\"name\":\"40\u00b0 Festival Internacional de Cine de Mar del Plata | Sitio Oficial\",\"description\":\"Descubr\u00ed la programaci\u00f3n, invitados, pel\u00edculas y actividades del 40\u00b0 Festival Internacional de Cine de Mar del Plata.\",\"publisher\":{\"@id\":\"https:\/\/mardelplatafilmfest.com\/40\/#organization\"},\"potentialAction\":[{\"@type\":\"SearchAction\",\"target\":{\"@type\":\"EntryPoint\",\"urlTemplate\":\"https:\/\/mardelplatafilmfest.com\/40\/?s={search_term_string}\"},\"query-input\":{\"@type\":\"PropertyValueSpecification\",\"valueRequired\":true,\"valueName\":\"search_term_string\"}}],\"inLanguage\":\"es-CL\"},{\"@type\":\"Organization\",\"@id\":\"https:\/\/mardelplatafilmfest.com\/40\/#organization\",\"name\":\"40\u00b0 Festival Internacional de cine de Mar del plata\",\"url\":\"https:\/\/mardelplatafilmfest.com\/40\/\",\"logo\":{\"@type\":\"ImageObject\",\"inLanguage\":\"es-CL\",\"@id\":\"https:\/\/mardelplatafilmfest.com\/40\/#\/schema\/logo\/image\/\",\"url\":\"https:\/\/mardelplatafilmfest.com\/40\/wp-content\/uploads\/2025\/09\/WEB_mdq_logo_principal_marfil.png\",\"contentUrl\":\"https:\/\/mardelplatafilmfest.com\/40\/wp-content\/uploads\/2025\/09\/WEB_mdq_logo_principal_marfil.png\",\"width\":2067,\"height\":591,\"caption\":\"40\u00b0 Festival Internacional de cine de Mar del plata\"},\"image\":{\"@id\":\"https:\/\/mardelplatafilmfest.com\/40\/#\/schema\/logo\/image\/\"}}]}<\/script>\n<!-- \/ Yoast SEO plugin. -->","yoast_head_json":{"title":"Premios Oficiales | 40\u00b0 Festival Internacional de cine de Mar del plata","description":"Descubr\u00ed la programaci\u00f3n, invitados, pel\u00edculas y actividades del 40\u00b0 Festival Internacional de Cine de Mar del Plata.","robots":{"index":"noindex","follow":"follow","max-snippet":"max-snippet:-1","max-image-preview":"max-image-preview:large","max-video-preview":"max-video-preview:-1"},"og_locale":"es_ES","og_type":"article","og_title":"Premios Oficiales | 40\u00b0 Festival Internacional de cine de Mar del plata","og_description":"Descubr\u00ed la programaci\u00f3n, invitados, pel\u00edculas y actividades del 40\u00b0 Festival Internacional de Cine de Mar del Plata.","og_url":"https:\/\/mardelplatafilmfest.com\/40\/es\/premios-oficiales\/","og_site_name":"40\u00b0 Festival Internacional de cine de Mar del plata","article_modified_time":"2025-11-18T02:38:24+00:00","og_image":[{"width":1920,"height":782,"url":"https:\/\/mardelplatafilmfest.com\/40\/wp-content\/uploads\/2025\/09\/WEB_Banner_principal-03-1.jpg","type":"image\/jpeg"}],"twitter_card":"summary_large_image","twitter_misc":{"Tiempo estimado de lectura":"1 minuto"},"schema":{"@context":"https:\/\/schema.org","@graph":[{"@type":"WebPage","@id":"https:\/\/mardelplatafilmfest.com\/40\/es\/premios-oficiales\/","url":"https:\/\/mardelplatafilmfest.com\/40\/es\/premios-oficiales\/","name":"Premios Oficiales | 40\u00b0 Festival Internacional de cine de Mar del plata","isPartOf":{"@id":"https:\/\/mardelplatafilmfest.com\/40\/#website"},"datePublished":"2025-09-13T01:24:03+00:00","dateModified":"2025-11-18T02:38:24+00:00","description":"Descubr\u00ed la programaci\u00f3n, invitados, pel\u00edculas y actividades del 40\u00b0 Festival Internacional de Cine de Mar del Plata.","breadcrumb":{"@id":"https:\/\/mardelplatafilmfest.com\/40\/es\/premios-oficiales\/#breadcrumb"},"inLanguage":"es-CL","potentialAction":[{"@type":"ReadAction","target":["https:\/\/mardelplatafilmfest.com\/40\/es\/premios-oficiales\/"]}]},{"@type":"BreadcrumbList","@id":"https:\/\/mardelplatafilmfest.com\/40\/es\/premios-oficiales\/#breadcrumb","itemListElement":[{"@type":"ListItem","position":1,"name":"Portada","item":"https:\/\/mardelplatafilmfest.com\/40\/es\/"},{"@type":"ListItem","position":2,"name":"Premios Oficiales"}]},{"@type":"WebSite","@id":"https:\/\/mardelplatafilmfest.com\/40\/#website","url":"https:\/\/mardelplatafilmfest.com\/40\/","name":"40\u00b0 Festival Internacional de Cine de Mar del Plata | Sitio Oficial","description":"Descubr\u00ed la programaci\u00f3n, invitados, pel\u00edculas y actividades del 40\u00b0 Festival Internacional de Cine de Mar del Plata.","publisher":{"@id":"https:\/\/mardelplatafilmfest.com\/40\/#organization"},"potentialAction":[{"@type":"SearchAction","target":{"@type":"EntryPoint","urlTemplate":"https:\/\/mardelplatafilmfest.com\/40\/?s={search_term_string}"},"query-input":{"@type":"PropertyValueSpecification","valueRequired":true,"valueName":"search_term_string"}}],"inLanguage":"es-CL"},{"@type":"Organization","@id":"https:\/\/mardelplatafilmfest.com\/40\/#organization","name":"40\u00b0 Festival Internacional de cine de Mar del plata","url":"https:\/\/mardelplatafilmfest.com\/40\/","logo":{"@type":"ImageObject","inLanguage":"es-CL","@id":"https:\/\/mardelplatafilmfest.com\/40\/#\/schema\/logo\/image\/","url":"https:\/\/mardelplatafilmfest.com\/40\/wp-content\/uploads\/2025\/09\/WEB_mdq_logo_principal_marfil.png","contentUrl":"https:\/\/mardelplatafilmfest.com\/40\/wp-content\/uploads\/2025\/09\/WEB_mdq_logo_principal_marfil.png","width":2067,"height":591,"caption":"40\u00b0 Festival Internacional de cine de Mar del plata"},"image":{"@id":"https:\/\/mardelplatafilmfest.com\/40\/#\/schema\/logo\/image\/"}}]}},"_links":{"self":[{"href":"https:\/\/mardelplatafilmfest.com\/40\/wp-json\/wp\/v2\/pages\/250","targetHints":{"allow":["GET"]}}],"collection":[{"href":"https:\/\/mardelplatafilmfest.com\/40\/wp-json\/wp\/v2\/pages"}],"about":[{"href":"https:\/\/mardelplatafilmfest.com\/40\/wp-json\/wp\/v2\/types\/page"}],"author":[{"embeddable":true,"href":"https:\/\/mardelplatafilmfest.com\/40\/wp-json\/wp\/v2\/users\/1"}],"replies":[{"embeddable":true,"href":"https:\/\/mardelplatafilmfest.com\/40\/wp-json\/wp\/v2\/comments?post=250"}],"version-history":[{"count":2,"href":"https:\/\/mardelplatafilmfest.com\/40\/wp-json\/wp\/v2\/pages\/250\/revisions"}],"predecessor-version":[{"id":2655,"href":"https:\/\/mardelplatafilmfest.com\/40\/wp-json\/wp\/v2\/pages\/250\/revisions\/2655"}],"wp:attachment":[{"href":"https:\/\/mardelplatafilmfest.com\/40\/wp-json\/wp\/v2\/media?parent=250"}],"curies":[{"name":"wp","href":"https:\/\/api.w.org\/{rel}","templated":true}]}}