{"id":330,"date":"2025-09-13T03:19:21","date_gmt":"2025-09-13T03:19:21","guid":{"rendered":"https:\/\/sitio1.unbcorp.cl\/Fest\/?page_id=330"},"modified":"2026-04-14T14:08:34","modified_gmt":"2026-04-14T14:08:34","slug":"history","status":"publish","type":"page","link":"https:\/\/mardelplatafilmfest.com\/41\/en\/history\/","title":{"rendered":"History"},"content":{"rendered":"<div class=\"internal-text-margins\">\n<h2 class=\"larger-heading-text\"><strong>History<\/strong><\/h2>\n<h2 class=\"larger-heading-text\"><strong>Mar del Plata International Film Festival\u00a0<\/strong><\/h2>\n<blockquote class=\"copete-noticias\"><p>Since 1954, the Mar del Plata International Film Festival, the only \u2018Category A\u2019 in Latin America, mirrors the universe of Argentine and international cinema, consolidating itself as a development and exchange platform for the film and audiovisual industry: a must-attend event for directors, producers, actors, distributing companies and fans alike.<\/p><\/blockquote>\n<p class=\"paragraph\"><strong>INTRODUCTION<\/strong><\/p>\n<p>The Mar del Plata International Film Festival, organized by the National Institute of Cinema and Audiovisual Arts (INCAA), promotes the film and audiovisual activity in all of its forms, screening films of different origins, and supporting thematic diversity and styles. In it, the tradition of classic cinema coexists with new tendencies, new voices and new technologies.<\/p>\n<p>Historically, the Festival has been divided into different sections.<\/p>\n<p>First there is the <strong>Competitive<\/strong> section. For each edition, members of the jury are carefully selected to award films from the International Feature Film and Short Film Competitions, Latin American Feature Film and Short Film Competitions, plus the Argentine Feature Film and Short Film Competitions and In Transit &#8211; WIP Competition categories.<\/p>\n<p>Secondly, <strong>Panorama<\/strong> is the section where viewers can find the best and latest works of international production. Acclaimed filmmakers and new talents combine with diverse subject matters in sections such as as Children by the Sea, targeted to younger audiences, Original Soundtrack, featuring films where music plays the leading role, in sections such as Hora Cero, Series and Special Screenings, among others.<\/p>\n<p>Number three is the <strong>Tributes, Focus and Retrospectives<\/strong> section that seeks to revisit the work of prestigious directors putting them back into circulation. This section also prompts new trends by focusing on current filmmakers that would otherwise not make it to the theaters. It is a key section that values works based on their cultural legacy for present and future cinema.<\/p>\n<p>Fourth is the <strong>Rescues<\/strong> section, where national and international film heritage comes to life for audiences to enjoy some of the industry\u2019s former glories.The Festival is also characterized by its appealing special events: master classes, round tables, book presentations, special screenings and seminars on new cinema critique. The 2018 edition also hosted the first edition of the successful <strong>Cinema and Gender Perspective Forum<\/strong>, a key space for reflection that exposed the inequalities of the audiovisual industry.<\/p>\n<h3 class=\"heading-21\">A HISTORICAL FESTIVAL<\/h3>\n<p class=\"paragraph\">Seventy one years ago, Argentina welcomed the First Mar del Plata International Film Festival. From that first huge step to our present time, the country and the world have witnessed the change and growth of the film industry.<\/p>\n<p>The Festival, the only one in Latin America granted a \u201cCategory A\u201d, was created in 1954 under Juan Domingo Per\u00f3n\u2019s administration, as the first Non-Competitive Film Exhibition, stressing the entertaining nature of cinema. Mar del Plata was chosen as venue for this film festival since it was a well-known touristic destination. On that first edition, 18 countries were represented by 52 feature films and 49 short films from directors such as Vittorio de Sica, Luis Bu\u00f1uel, Anthony Mann and Ingmar Bergman, among others. The exhibition inaugurated a space of interest for the intellectual and the film world, thus enabling the creation of the Mar del Plata International Film Festival.<\/p>\n<p>In 1959, the Festival became competitive. Organized by the Argentine Film Critics Association, this edition introduced Juries and Awards. Year after year, the awards started earning higher renown and the Festival grew to become the most important in Latin America. In 1959, the official statuette was named El Gaucho, a creation by sculptor Pascual Buigues.<\/p>\n<p>From 1959 to 1970, ten editions were held. The 1964 edition was held in the City of Buenos Aires and, between 1967 and 1969, the Festival alternated with the Rio de Janeiro Festival. These festivals were the most important cultural events of the time. The European film industry was represented, among others, by the French Nouvelle Vague, the most prominent cinema from the Socialist countries, the best exponents of Italian neo-realism and the emergence of Ingmar Bergman and Swedish films, as well as the excellence of English cinema. The United States brought films that received several awards thanks to their high thematic and technical level and the quality of performances.<\/p>\n<p>As time went by, the Festival consolidated itself as a space to reflect on new film movements, hosting members of the academia, journalists and filmmakers from all over the world. Among the countless international celebrities who attended the Festival, we can mention Paul Newman, Vittorio Gassman, Jean-Paul Belmondo, Anthony Perkins, Ugo Tognazzi, Maria Callas, Maria Schell, Marie Laforet, Harriet Andersson, George Hamilton, Tom Courtenay, Mario Moreno (Cantinflas), Fran\u00e7ois Truffaut, Tony Richardson, Pier Paolo Pasolini, Gilo Pontecorvo, Andrzej Wajda, Edouard Molinaro, Pierre Kast, Karel Reisz, Jacques Tati, Toshiro Mifune, Curt J\u00fcrgens, Cesare Zavattini, Josef von Sternberg, Alfred Bauer, Abel Gance, Vincent Minelli, Lee Strassberg, Andrzej Munk, James Mason, Maximilian Schell, Catherine Spaak, Tomas Milian, Ettore Scola, John Gavin and Jerzy Passendorfer.<\/p>\n<p>The year 1996 marks the beginning of the Festival\u2019s second era. After 26 years of absence, the Mar del Plata International Film Festival got a foothold as an essential artistic and cultural event for the international movie scene.<\/p>\n<p>Since then, many celebrities have attended the Festival, such as: Jacqueline Bisset, Elsa Martinelli, Raquel Welch, Francisco Rabal, Amparo Soler Leal, Lina Wertm\u00fcller, Percy Adlon, Arturo Ripstein, Pilar Mir\u00f3, Dino Risi, Antonio Ferrandis, Abbas Kiarostami, Maria Grazia Cucinotta, Catherine Deneuve, Geraldine Chaplin, Dominique Sanda, Sonia Braga, Emily Watson, Julie Delpy, Nikita Mijalkov, Alex de la Iglesia, Liv Ullman, Jeremy Irons, Gerard Depardieu, Helen Mirren, Paolo and Vittorio Taviani, Mario Monicelli, Hanna Schygula, Kathleen Turner, H\u00e9ctor Babenco, Ken Russell, Susan Sarandon, Tim Robbins, Krzystof Zanussi, Michael Winterbottom, Abel Ferrara, Juliette Binoche, Sarah Polley, Kathryn Bigelow, Tommy Lee Jones, Jos\u00e9 Wilker, Javier Fesser, Bruno Ganz, Jerzy Skolimowsky, Greta Gerwig, Willem Dafoe, Victor Kossakovsky, Alex Cox, Joe Dante, Sandrine Bonnaire, Bertrand Bonello, Pierre \u00c9taix, Bong Joon-Ho, John Landis, Viggo Mortensen, Claire Denis, Paul Schrader, Francisco Lombardi, Carlos Vermut, Nacho Vigalondo, Arnaud Desplechin, Atom Egoyan, Marco M\u00fbller, Johnnie To, Vittorio Storaro, Olivier Assayas, Ted Fendt, Ren\u00e9e Zellweger, Pierre L\u00e9on, Jean-Pierre L\u00e9aud, L\u00e9os Carax, Pierre Richard, Haden Guest, Ignacio Ag\u00fcero, Jon\u00e1s Trueba, Lee Ranaldo, Leah Singer, Nicole Brenez, Onur Tukel, Thomas Heise, Walter Hill, Miranda July, Sion Sono, Roberto Minervini, Rita Azevedo Gomes, Albert Serra, Glen Keane, Suzanne Lindon, Helke Misselwitz, Ry\u00fbsuke Hamaguchi, Phil Tippett, Apichatpong Weerasethakul, Panah Panahi, Stefano Knuchel, Denis C\u00f4t\u00e9, Juho Kuosmanen, Alexandre Koberidze, Celine Sciamma, Michelangelo Frammartino, Jisun Lim, Jae-eun Lee, Ayunu Watanabe, Jeanine Meerapfel, Toby Poser, John Adams, Zelda Adams, Peter Tscherkassky, Rhayne Vermette, Susana Nobre, Lee Ji-won, Erin Wilkerson, Travis Wilkerson, Ramon Z\u00fcrcher, Silvan Z\u00fcrcher, Cesar Cabral, Chema Garc\u00eda Ibarra, Payal Kapadia, Andreas Fontana, Haroldo Borges, Gerard Casau, Andr\u00e9 Cabral, Michelle Garza Cervera, Gregorio Graziosi, Jimena Repetto, Peter Hottinger, Leon Schwitter, Sergio Levin, Melisa Liebenthal, Ashley McKenzie, Theo Montoya, Francisco Paparella, Alejandro Quiroga y Claudia\u00a0Varej\u00e3o.<\/p>\n<p>With the beautiful seaside city of Mar del Plata as a backdrop, the Mar del Plata International Film Festival represents a remarkable platform to showcase the Argentine production, and is a fertile ground to bring industry professionals together, foster the promotion of works and encourage the creation of new audiences.<\/p>\n<\/div>\n","protected":false},"excerpt":{"rendered":"<p>History Mar del Plata International Film Festival\u00a0 Since 1954, the Mar del Plata International Film Festival, the only \u2018Category A\u2019 in Latin America, mirrors the universe of Argentine and international cinema, consolidating itself as a development and exchange platform for the film and audiovisual industry: a must-attend event for directors, producers, actors, distributing companies and [&hellip;]<\/p>\n","protected":false},"author":1,"featured_media":0,"parent":0,"menu_order":0,"comment_status":"closed","ping_status":"closed","template":"","meta":{"_acf_changed":false,"footnotes":""},"class_list":["post-330","page","type-page","status-publish","hentry"],"blocksy_meta":[],"acf":[],"yoast_head":"<!-- This site is optimized with the Yoast SEO plugin v26.1.1 - https:\/\/yoast.com\/wordpress\/plugins\/seo\/ -->\n<title>History | 41\u00b0 Festival Internacional de cine de Mar del plata<\/title>\n<meta name=\"description\" content=\"Descubr\u00ed la programaci\u00f3n, invitados, pel\u00edculas y actividades del 40\u00b0 Festival Internacional de Cine de Mar del Plata.\" \/>\n<meta name=\"robots\" content=\"index, follow, max-snippet:-1, max-image-preview:large, max-video-preview:-1\" \/>\n<link rel=\"canonical\" href=\"https:\/\/mardelplatafilmfest.com\/41\/en\/history\/\" \/>\n<meta property=\"og:locale\" content=\"es_ES\" \/>\n<meta property=\"og:type\" content=\"article\" \/>\n<meta property=\"og:title\" content=\"History | 41\u00b0 Festival Internacional de cine de Mar del plata\" \/>\n<meta property=\"og:description\" content=\"Descubr\u00ed la programaci\u00f3n, invitados, pel\u00edculas y actividades del 40\u00b0 Festival Internacional de Cine de Mar del Plata.\" \/>\n<meta property=\"og:url\" content=\"https:\/\/mardelplatafilmfest.com\/41\/en\/history\/\" \/>\n<meta property=\"og:site_name\" content=\"41\u00b0 Festival Internacional de cine de Mar del plata\" \/>\n<meta property=\"article:modified_time\" content=\"2026-04-14T14:08:34+00:00\" \/>\n<meta property=\"og:image\" content=\"https:\/\/mardelplatafilmfest.com\/41\/wp-content\/uploads\/2025\/09\/WEB_Banner_principal-03-1.jpg\" \/>\n\t<meta property=\"og:image:width\" content=\"1920\" \/>\n\t<meta property=\"og:image:height\" content=\"782\" \/>\n\t<meta property=\"og:image:type\" content=\"image\/jpeg\" \/>\n<meta name=\"twitter:card\" content=\"summary_large_image\" \/>\n<meta name=\"twitter:label1\" content=\"Tiempo estimado de lectura\" \/>\n\t<meta name=\"twitter:data1\" content=\"6 minutos\" \/>\n<script type=\"application\/ld+json\" class=\"yoast-schema-graph\">{\"@context\":\"https:\/\/schema.org\",\"@graph\":[{\"@type\":\"WebPage\",\"@id\":\"https:\/\/mardelplatafilmfest.com\/41\/en\/history\/\",\"url\":\"https:\/\/mardelplatafilmfest.com\/41\/en\/history\/\",\"name\":\"History | 41\u00b0 Festival Internacional de cine de Mar del plata\",\"isPartOf\":{\"@id\":\"https:\/\/mardelplatafilmfest.com\/41\/#website\"},\"datePublished\":\"2025-09-13T03:19:21+00:00\",\"dateModified\":\"2026-04-14T14:08:34+00:00\",\"description\":\"Descubr\u00ed la programaci\u00f3n, invitados, pel\u00edculas y actividades del 40\u00b0 Festival Internacional de Cine de Mar del Plata.\",\"breadcrumb\":{\"@id\":\"https:\/\/mardelplatafilmfest.com\/41\/en\/history\/#breadcrumb\"},\"inLanguage\":\"es-CL\",\"potentialAction\":[{\"@type\":\"ReadAction\",\"target\":[\"https:\/\/mardelplatafilmfest.com\/41\/en\/history\/\"]}]},{\"@type\":\"BreadcrumbList\",\"@id\":\"https:\/\/mardelplatafilmfest.com\/41\/en\/history\/#breadcrumb\",\"itemListElement\":[{\"@type\":\"ListItem\",\"position\":1,\"name\":\"Portada\",\"item\":\"https:\/\/mardelplatafilmfest.com\/41\/es\/\"},{\"@type\":\"ListItem\",\"position\":2,\"name\":\"History\"}]},{\"@type\":\"WebSite\",\"@id\":\"https:\/\/mardelplatafilmfest.com\/41\/#website\",\"url\":\"https:\/\/mardelplatafilmfest.com\/41\/\",\"name\":\"40\u00b0 Festival Internacional de Cine de Mar del Plata | Sitio Oficial\",\"description\":\"Descubr\u00ed la programaci\u00f3n, invitados, pel\u00edculas y actividades del 40\u00b0 Festival Internacional de Cine de Mar del Plata.\",\"publisher\":{\"@id\":\"https:\/\/mardelplatafilmfest.com\/41\/#organization\"},\"potentialAction\":[{\"@type\":\"SearchAction\",\"target\":{\"@type\":\"EntryPoint\",\"urlTemplate\":\"https:\/\/mardelplatafilmfest.com\/41\/?s={search_term_string}\"},\"query-input\":{\"@type\":\"PropertyValueSpecification\",\"valueRequired\":true,\"valueName\":\"search_term_string\"}}],\"inLanguage\":\"es-CL\"},{\"@type\":\"Organization\",\"@id\":\"https:\/\/mardelplatafilmfest.com\/41\/#organization\",\"name\":\"40\u00b0 Festival Internacional de cine de Mar del plata\",\"url\":\"https:\/\/mardelplatafilmfest.com\/41\/\",\"logo\":{\"@type\":\"ImageObject\",\"inLanguage\":\"es-CL\",\"@id\":\"https:\/\/mardelplatafilmfest.com\/41\/#\/schema\/logo\/image\/\",\"url\":\"https:\/\/mardelplatafilmfest.com\/41\/wp-content\/uploads\/2026\/03\/Logo_MDQFF_41_c_fecha-scaled.png\",\"contentUrl\":\"https:\/\/mardelplatafilmfest.com\/41\/wp-content\/uploads\/2026\/03\/Logo_MDQFF_41_c_fecha-scaled.png\",\"width\":2560,\"height\":1600,\"caption\":\"40\u00b0 Festival Internacional de cine de Mar del plata\"},\"image\":{\"@id\":\"https:\/\/mardelplatafilmfest.com\/41\/#\/schema\/logo\/image\/\"}}]}<\/script>\n<!-- \/ Yoast SEO plugin. -->","yoast_head_json":{"title":"History | 41\u00b0 Festival Internacional de cine de Mar del plata","description":"Descubr\u00ed la programaci\u00f3n, invitados, pel\u00edculas y actividades del 40\u00b0 Festival Internacional de Cine de Mar del Plata.","robots":{"index":"index","follow":"follow","max-snippet":"max-snippet:-1","max-image-preview":"max-image-preview:large","max-video-preview":"max-video-preview:-1"},"canonical":"https:\/\/mardelplatafilmfest.com\/41\/en\/history\/","og_locale":"es_ES","og_type":"article","og_title":"History | 41\u00b0 Festival Internacional de cine de Mar del plata","og_description":"Descubr\u00ed la programaci\u00f3n, invitados, pel\u00edculas y actividades del 40\u00b0 Festival Internacional de Cine de Mar del Plata.","og_url":"https:\/\/mardelplatafilmfest.com\/41\/en\/history\/","og_site_name":"41\u00b0 Festival Internacional de cine de Mar del plata","article_modified_time":"2026-04-14T14:08:34+00:00","og_image":[{"width":1920,"height":782,"url":"https:\/\/mardelplatafilmfest.com\/41\/wp-content\/uploads\/2025\/09\/WEB_Banner_principal-03-1.jpg","type":"image\/jpeg"}],"twitter_card":"summary_large_image","twitter_misc":{"Tiempo estimado de lectura":"6 minutos"},"schema":{"@context":"https:\/\/schema.org","@graph":[{"@type":"WebPage","@id":"https:\/\/mardelplatafilmfest.com\/41\/en\/history\/","url":"https:\/\/mardelplatafilmfest.com\/41\/en\/history\/","name":"History | 41\u00b0 Festival Internacional de cine de Mar del plata","isPartOf":{"@id":"https:\/\/mardelplatafilmfest.com\/41\/#website"},"datePublished":"2025-09-13T03:19:21+00:00","dateModified":"2026-04-14T14:08:34+00:00","description":"Descubr\u00ed la programaci\u00f3n, invitados, pel\u00edculas y actividades del 40\u00b0 Festival Internacional de Cine de Mar del Plata.","breadcrumb":{"@id":"https:\/\/mardelplatafilmfest.com\/41\/en\/history\/#breadcrumb"},"inLanguage":"es-CL","potentialAction":[{"@type":"ReadAction","target":["https:\/\/mardelplatafilmfest.com\/41\/en\/history\/"]}]},{"@type":"BreadcrumbList","@id":"https:\/\/mardelplatafilmfest.com\/41\/en\/history\/#breadcrumb","itemListElement":[{"@type":"ListItem","position":1,"name":"Portada","item":"https:\/\/mardelplatafilmfest.com\/41\/es\/"},{"@type":"ListItem","position":2,"name":"History"}]},{"@type":"WebSite","@id":"https:\/\/mardelplatafilmfest.com\/41\/#website","url":"https:\/\/mardelplatafilmfest.com\/41\/","name":"40\u00b0 Festival Internacional de Cine de Mar del Plata | Sitio Oficial","description":"Descubr\u00ed la programaci\u00f3n, invitados, pel\u00edculas y actividades del 40\u00b0 Festival Internacional de Cine de Mar del Plata.","publisher":{"@id":"https:\/\/mardelplatafilmfest.com\/41\/#organization"},"potentialAction":[{"@type":"SearchAction","target":{"@type":"EntryPoint","urlTemplate":"https:\/\/mardelplatafilmfest.com\/41\/?s={search_term_string}"},"query-input":{"@type":"PropertyValueSpecification","valueRequired":true,"valueName":"search_term_string"}}],"inLanguage":"es-CL"},{"@type":"Organization","@id":"https:\/\/mardelplatafilmfest.com\/41\/#organization","name":"40\u00b0 Festival Internacional de cine de Mar del plata","url":"https:\/\/mardelplatafilmfest.com\/41\/","logo":{"@type":"ImageObject","inLanguage":"es-CL","@id":"https:\/\/mardelplatafilmfest.com\/41\/#\/schema\/logo\/image\/","url":"https:\/\/mardelplatafilmfest.com\/41\/wp-content\/uploads\/2026\/03\/Logo_MDQFF_41_c_fecha-scaled.png","contentUrl":"https:\/\/mardelplatafilmfest.com\/41\/wp-content\/uploads\/2026\/03\/Logo_MDQFF_41_c_fecha-scaled.png","width":2560,"height":1600,"caption":"40\u00b0 Festival Internacional de cine de Mar del plata"},"image":{"@id":"https:\/\/mardelplatafilmfest.com\/41\/#\/schema\/logo\/image\/"}}]}},"_links":{"self":[{"href":"https:\/\/mardelplatafilmfest.com\/41\/wp-json\/wp\/v2\/pages\/330","targetHints":{"allow":["GET"]}}],"collection":[{"href":"https:\/\/mardelplatafilmfest.com\/41\/wp-json\/wp\/v2\/pages"}],"about":[{"href":"https:\/\/mardelplatafilmfest.com\/41\/wp-json\/wp\/v2\/types\/page"}],"author":[{"embeddable":true,"href":"https:\/\/mardelplatafilmfest.com\/41\/wp-json\/wp\/v2\/users\/1"}],"replies":[{"embeddable":true,"href":"https:\/\/mardelplatafilmfest.com\/41\/wp-json\/wp\/v2\/comments?post=330"}],"version-history":[{"count":1,"href":"https:\/\/mardelplatafilmfest.com\/41\/wp-json\/wp\/v2\/pages\/330\/revisions"}],"predecessor-version":[{"id":2726,"href":"https:\/\/mardelplatafilmfest.com\/41\/wp-json\/wp\/v2\/pages\/330\/revisions\/2726"}],"wp:attachment":[{"href":"https:\/\/mardelplatafilmfest.com\/41\/wp-json\/wp\/v2\/media?parent=330"}],"curies":[{"name":"wp","href":"https:\/\/api.w.org\/{rel}","templated":true}]}}